mmon factor of l and g.
7
Let c = 35 - 15. Calculate the highest common factor of c and 10.
10
Suppose h - w = -2, 2*h - 3*h = w + 4. Let r be -18*h/((-27)/(-30)). What is the greatest common factor of 12 and r?
12
Let l = 44 - -34. Calculate the highest common divisor of 13 and l.
13
Suppose -y - 5*v + 20 = 0, 2*v = -4*y + 3*v + 164. Let k = -23 + 63. Suppose 5*s - k = 10. What is the highest common factor of s and y?
10
Let k(p) = 5*p**2 + 9*p + 9. Let y be k(-6). Let n = 36 + -11. Suppose -r = -2*s - n, -4*s + 3*s = 5. What is the highest common divisor of y and r?
15
Suppose 75 = 2*w + 3*q, -5*w + 98 = -2*q - 42. What is the greatest common divisor of 6 and w?
6
Let b = -28 - -31. Suppose 2*y - 519 = -b*h, 2*y + 783 = 5*y + 3*h. What is the highest common factor of 24 and y?
24
Suppose -240 = -5*a - 0*a. Suppose 5*g - p - 17 - 15 = 0, -4*g + p = -26. Let o be 51*4/g + -2. What is the greatest common factor of a and o?
16
Let n be 5/25 + 119/5. What is the greatest common divisor of 24 and n?
24
Let n = 75 + -43. Suppose b = -4*b, -2*i + 112 = 3*b. Let t = i - n. Calculate the greatest common factor of t and 12.
12
Let u be 4*-1*(-4)/16. What is the highest common factor of u and 5?
1
Let h = 1117 - 787. Suppose 0 = -2*i - 34 - h. Let w = 281 + i. Calculate the highest common divisor of 11 and w.
11
Let n = 82 + -62. Calculate the greatest common factor of n and 12.
4
Suppose -21 - 3 = 4*r. Let u = r - -5. Let j = u + 12. What is the highest common divisor of j and 33?
11
Suppose -34*i = -38*i + 64. What is the highest common divisor of 24 and i?
8
Let i be (5 - 633/(-3)) + 1. Calculate the highest common factor of 7 and i.
7
Let t be 4 + (-63)/15 + (-91)/(-5). Suppose -2*k = -6*k + 72. Calculate the greatest common divisor of k and t.
18
Suppose 3*q - 2*w + 0*w + 7 = 0, -3*q = -3*w + 12. Let y be (3/(-3))/(-1*q). Let g be 0 + 19 - (-1)/y. Calculate the greatest common factor of 10 and g.
10
Suppose r + 297 + 33 = 5*n, 0 = -n + r + 70. Calculate the greatest common divisor of n and 13.
13
Suppose 12 + 20 = c. Let x(k) = -k - 1. Let q = -9 + 4. Let z be x(q). Calculate the highest common factor of z and c.
4
Let c = -6 + 8. Suppose 0*f = -c*f + 12. What is the highest common factor of 24 and f?
6
Suppose 0 = -t + 4 + 1, 4*w - 361 = -5*t. Suppose 2*n - 2 = 0, x + 3 = 3*n - 2*n. Let a be x/4 - w/(-8). Calculate the highest common factor of 70 and a.
10
Suppose -3*k = -2*u - 4, k = -k - 4*u - 8. Suppose -5*p + 20 = -k*p. Calculate the greatest common divisor of p and 20.
4
Let f be (3 + 18)*(-1)/(-3). Let a be 4 + (34/(-51))/(2/(-93)). What is the highest common factor of a and f?
7
Let g be 85*3/90*6. Calculate the greatest common factor of 187 and g.
17
Suppose -2*n + 3 + 5 = 5*d, -3*d = -5*n + 51. What is the highest common divisor of 6 and n?
3
Let c(k) = -13*k + 9. Let f be c(-2). What is the highest common factor of f and 7?
7
Let i be (6/(-8))/((-2)/80). Let h be (-6)/(-8) - 57/12. Let f = 14 + h. Calculate the greatest common factor of i and f.
10
Suppose 99 + 9 = 4*h. Let d = 44 + -26. Calculate the highest common divisor of d and h.
9
Suppose 1 = p - 14. Suppose -6*b = -b - 10. Let i be 4/8 - (-59)/b. Calculate the greatest common factor of i and p.
15
Let l be -4*(-5)/10 - -7. What is the highest common factor of l and 6?
3
Let s be (-4)/(-14) + (-4)/(-14)*13. Let o(i) = i**2 - 3*i. Let l be o(4). Let f = l + 0. What is the greatest common factor of f and s?
4
Let o be 4/(-18) - (-188)/36. Suppose 60 = -o*w + 8*w. Calculate the highest common factor of 4 and w.
4
Let w(z) = -z**2 + 2. Suppose 10 = -b + 5*f - 7, b + 11 = 3*f. Let l be w(b). Let y be (-16 - 0)/l*15. Calculate the greatest common divisor of y and 15.
15
Let p be 57/95 - (-84)/10. Let v = 3 - 0. Suppose -v*g + 54 = -0*g. Calculate the highest common divisor of g and p.
9
Let c(r) = -14*r + 3. Let d be 1*(-9)/((-3)/(-1)). Let a be c(d). What is the highest common factor of a and 9?
9
Let j be (0 - 2)/(-4 - 191/(-48)). What is the highest common factor of 12 and j?
12
Let x be (-8)/(-12) + 2/(-3). Suppose x*y - 121 = -y. What is the highest common divisor of 11 and y?
11
Suppose 4*k + 2*p - 124 = 0, -5*p - 4 - 82 = -2*k. Calculate the highest common divisor of k and 3.
3
Let c = 11 + 8. What is the highest common factor of 114 and c?
19
Let h(i) = -i**3 - 6*i**2 - 3*i + 6. Let r be h(-5). Let b be 10/14 - r/14. Let z be 1/(3 - (-104)/(-36)). Calculate the highest common divisor of b and z.
1
Let d be -2*1/(-10) + 807/15. What is the greatest common divisor of d and 36?
18
Let s(v) = -2 - 2*v**2 - 2 + v**2 - 7*v. Let o be s(-3). Suppose -o*g + 3*g = -105. What is the highest common divisor of g and 3?
3
Suppose m - 201 = -25. Let i(t) = -4*t - 8. Let x be i(-6). What is the highest common factor of m and x?
16
Let a = 9 - -1. Let w(s) = 4*s**2 - 8*s. Let g be w(6). Suppose 0 = -5*p + d + 453, p = -d + 3*d + g. What is the highest common divisor of p and a?
10
Suppose 3*m - 69 = 75. What is the greatest common divisor of m and 6?
6
Let x = -273 + 562. Suppose -4*p = 3*b + 224 + 33, -3*b + 4*p = x. Let g = -3 - b. Calculate the highest common divisor of g and 8.
8
Let i = 1 + -1. Suppose -h + g - 51 = 0, 103 = -2*h - i*g + 3*g. Let n = h + 70. Calculate the greatest common divisor of n and 30.
10
Let n(r) = r**3 - 3*r**2 + 4*r - 6. Let m be n(4). Suppose 0 = 2*x - m - 64. Calculate the greatest common divisor of 15 and x.
15
Let k be 3*((-8)/28 - (-2392)/42). Calculate the greatest common divisor of 17 and k.
17
Let q(n) = 22*n**2 + 5*n + 2. Let c be q(4). Calculate the greatest common factor of 34 and c.
34
Let o be (-48)/(-20)*(3 + 2). Calculate the highest common divisor of 84 and o.
12
Let g(j) = 16*j**3 + 2*j**2 - 1. Let a be g(1). Suppose -3*h - a = -59. What is the greatest common factor of h and 7?
7
Let w = 17 - 10. Suppose -4*y = -1 - w. Let t = y + 2. What is the highest common divisor of 28 and t?
4
Suppose -61 - 44 = -5*p. What is the highest common divisor of p and 336?
21
Let q = 34 + -20. Suppose 105 - 441 = -3*b. What is the greatest common factor of b and q?
14
Let y = 500 - 357. Suppose 6*x = 4*x + 26. Calculate the highest common factor of y and x.
13
Let f(r) = -r + 5. Let x be f(-7). Let d be (-1 - 0) + 132/x. What is the highest common factor of d and 110?
10
Suppose 4*t = 7 + 1. Let v be 16/9 + t/9. Calculate the highest common divisor of 18 and v.
2
Let k be -8*-2*3/12. Suppose 4*w - 2*v = 20, 8 - 3 = w + v. Suppose -4*r - 132 = -w*n, -5*n + r + 82 = -2*n. Calculate the greatest common factor of n and k.
4
Suppose 0 = -0*o - o - v, o + 4*v = 0. Suppose o = -5*h - 9 + 24. What is the greatest common divisor of h and 12?
3
Suppose -d + 17 = -2*n + 4*n, 0 = 3*d + n - 41. Let j = d - 1. Calculate the highest common factor of j and 6.
6
Suppose 3*z + 9 = 0, j = 3*j - 4*z - 20. Suppose 2*q - j*r + 3*r = 167, 4*q = r + 337. What is the highest common factor of q and 34?
17
Let f be -2 - (0 + -2 + 0). Suppose f = 4*c + c. Suppose -3*t + 8*t - 10 = 0, c = 3*j + 4*t - 113. What is the greatest common factor of j and 5?
5
Let s be (-16)/56 + (-2)/(-7). Suppose r - 8 = -s*r. Let n be ((-24)/(-9))/((-2)/(-48)). Calculate the greatest common factor of n and r.
8
Let m(c) = c**2 - 11*c - 9. Let z be m(13). What is the greatest common divisor of 187 and z?
17
Let b(c) = c**3 + 3*c**2 + 2. Let g = -14 - -11. Let x be b(g). Calculate the highest common divisor of x and 16.
2
Suppose -i + 5*v = -58, -2*v - 76 = -0*i - 2*i. Calculate the greatest common factor of 99 and i.
33
Suppose b - 122 - 22 = 0. Suppose 8*n + 3*l = 3*n + 25, 0 = -4*n - l + 27. Let r = 24 - n. Calculate the highest common factor of r and b.
16
Let z(l) = l**2 + 7*l + 8. Let r be z(-6). Let h be (r - (-9)/(-3))*-595. Suppose 6*y - y = h. Calculate the highest common factor of y and 17.
17
Let b(g) = -2*g. Let a be b(-5). Let r(k) = 111*k**2 - 1. Let n = -22 + 21. Let f be r(n). Calculate the greatest common divisor of a and f.
10
Suppose 0 = -4*z - z + 130. What is the highest common divisor of z and 208?
26
Suppose 4*u - 5*j + 24 = 6*u, -3*u + 4*j = 10. Suppose 4*t + u*a = 388, 0 = -0*t + 5*t + 2*a - 487. What is the highest common factor of 9 and t?
9
Let i = -5 - -7. Let c(t) = -t**2 + 7*t - 